n 251 is divided by 11.
9
Calculate the remainder when 126 is divided by 8.
6
What is the remainder when 296 is divided by 23?
20
Calculate the remainder when 1731 is divided by 50.
31
What is the remainder when 385 is divided by 111?
52
What is the remainder when 651 is divided by 7?
0
Calculate the remainder when 47 is divided by 21.
5
What is the remainder when 15403 is divided by 65?
63
Calculate the remainder when 144 is divided by 21.
18
What is the remainder when 571 is divided by 72?
67
Calculate the remainder when 427 is divided by 54.
49
What is the remainder when 238 is divided by 44?
18
What is the remainder when 1101 is divided by 89?
33
What is the remainder when 285 is divided by 64?
29
What is the remainder when 399 is divided by 122?
33
Calculate the remainder when 117 is divided by 36.
9
Calculate the remainder when 63 is divided by 22.
19
Calculate the remainder when 3032 is divided by 11.
7
Calculate the remainder when 974 is divided by 244.
242
What is the remainder when 4276 is divided by 11?
8
Calculate the remainder when 3549 is divided by 17.
13
What is the remainder when 736 is divided by 245?
1
What is the remainder when 78 is divided by 62?
16
Calculate the remainder when 81 is divided by 70.
11
Calculate the remainder when 129 is divided by 27.
21
What is the remainder when 417 is divided by 102?
9
Calculate the remainder when 255 is divided by 87.
81
Calculate the remainder when 243 is divided by 31.
26
What is the remainder when 1679 is divided by 58?
55
What is the remainder when 146 is divided by 105?
41
What is the remainder when 283 is divided by 11?
8
What is the remainder when 1696 is divided by 34?
30
Calculate the remainder when 1045 is divided by 40.
5
Calculate the remainder when 772 is divided by 719.
53
Calculate the remainder when 249 is divided by 10.
9
Calculate the remainder when 562 is divided by 4.
2
Calculate the remainder when 189 is divided by 49.
42
What is the remainder when 1295 is divided by 5?
0
Calculate the remainder when 6408 is divided by 2134.
6
Calculate the remainder when 6731 is divided by 74.
71
Calculate the remainder when 136 is divided by 30.
16
Calculate the remainder when 253 is divided by 32.
29
Calculate the remainder when 31 is divided by 20.
11
What is the remainder when 2150 is divided by 33?
5
Calculate the remainder when 361 is divided by 33.
31
What is the remainder when 46869 is divided by 62?
59
Calculate the remainder when 157 is divided by 80.
77
Calculate the remainder when 552 is divided by 79.
78
What is the remainder when 13 is divided by 13?
0
What is the remainder when 3243 is divided by 59?
57
What is the remainder when 142 is divided by 16?
14
What is the remainder when 308 is divided by 13?
9
Calculate the remainder when 1418 is divided by 177.
2
What is the remainder when 17 is divided by 8?
1
Calculate the remainder when 123 is divided by 11.
2
What is the remainder when 3441 is divided by 28?
25
What is the remainder when 60 is divided by 9?
6
Calculate the remainder when 1005 is divided by 999.
6
Calculate the remainder when 441 is divided by 249.
192
Calculate the remainder when 82 is divided by 67.
15
What is the remainder when 525 is divided by 48?
45
What is the remainder when 82 is divided by 34?
14
What is the remainder when 1950 is divided by 644?
18
What is the remainder when 1089 is divided by 26?
23
Calculate the remainder when 5148 is divided by 16.
12
Calculate the remainder when 2551 is divided by 23.
21
What is the remainder when 233 is divided by 6?
5
Calculate the remainder when 82 is divided by 11.
5
What is the remainder when 240 is divided by 75?
15
Calculate the remainder when 4089 is divided by 458.
425
What is the remainder when 187 is divided by 62?
1
What is the remainder when 60 is divided by 5?
0
What is the remainder when 469 is divided by 147?
28
What is the remainder when 417 is divided by 20?
17
Calculate the remainder when 118 is divided by 62.
56
Calculate the remainder when 387 is divided by 26.
23
What is the remainder when 30 is divided by 3?
0
Calculate the remainder when 4429 is divided by 21.
19
What is the remainder when 573 is divided by 24?
21
Calculate the remainder when 58 is divided by 55.
3
What is the remainder when 1159 is divided by 22?
15
Calculate the remainder when 164 is divided by 44.
32
What is the remainder when 507 is divided by 51?
48
What is the remainder when 517 is divided by 43?
1
What is the remainder when 7002 is divided by 1750?
2
What is the remainder when 680 is divided by 221?
17
What is the remainder when 150 is divided by 74?
2
What is the remainder when 11591 is divided by 17?
14
What is the remainder when 245 is divided by 19?
17
Calculate the remainder when 1097 is divided by 58.
53
Calculate the remainder when 516 is divided by 172.
0
Calculate the remainder when 5 is divided by 5.
0
Calculate the remainder when 1818 is divided by 45.
18
What is the remainder when 582 is divided by 71?
14
What is the remainder when 405 is divided by 28?
13
What is the remainder when 5471 is divided by 228?
227
What is the remainder when 63 is divided by 17?
12
Calculate the remainder when 52 is divided by 16.
4
What is the remainder when 17 is divided by 6?
5
What is the remainder when 1063 is divided by 267?
262
What is the remainder when 2924 is divided by 728?
12
What is the remainder when 255 is divided by 81?
12
Calculate the remainder when 809 is divided by 155.
34
What is the remainder when 326 is divided by 15?
11
Calculate the remainder when 55 is divided by 28.
27
Calculate the remainder when 8 is divided by 2.
0
What is the remainder when 161 is divided by 39?
5
What is the remainder when 4473 is divided by 124?
9
What is the remainder when 5812 is divided by 114?
112
What is the remainder when 2223 is divided by 147?
18
Calculate the remainder when 905 is divided by 130.
125
Calculate the remainder when 68847 is divided by 17.
14
Calculate the remainder when 524 is divided by 15.
14
What is the remainder when 188 is divided by 184?
4
Calculate the remainder when 149 is divided by 50.
49
Calculate the remainder when 22405 is divided by 77.
75
Calculate the remainder when 89 is divided by 64.
25
Calculate the remainder when 488 is divided by 80.
8
Calculate the remainder when 254 is divided by 15.
14
Calculate the remainder when 190 is divided by 4.
2
What is the remainder when 77 is divided by 14?
7
What is the remainder when 126 is divided by 39?
9
Calculate the remainder when 145 is divided by 75.
70
What is the remainder when 38 is divided by 7?
3
What is the remainder when 230 is divided by 63?
41
Calculate the remainder when 73871 is divided by 342.
341
Calculate the remainder when 1448 is divided by 54.
44
What is the remainder when 169 is divided by 58?
53
Calculate the remainder when 304 is divided by 14.
10
Calculate the remainder when 725 is divided by 9.
5
What is the remainder when 143 is divided by 30?
23
What is the remainder when 144 is divided by 121?
23
What is the remainder when 151 is divided by 79?
72
Calculate the remainder when 2272 is divided by 111.
52
Calculate the remainder when 40 is divided by 14.
12
Calculate the remainder when 139 is divided by 20.
19
What is the remainder when 336 is divided by 44?
28
Calculate the remainder when 1434 is divided by 296.
250
Calculate the remainder when 33 is divided by 7.
5
What is the remainder when 463 is divided by 445?
18
Calculate the remainder when 579 is divided by 56.
19
What is the remainder when 242 is divided by 61?
59
What is the remainder when 172 is divided by 41?
8
What is the remainder when 2767 is divided by 230?
7
Calculate the remainder when 534 is divided by 21.
9
Calculate the remainder when 114 is divided by 13.
10
What is the remainder when 1692 is divided by 19?
1
Calculate the remainder when 119 is divided by 81.
38
Calculate the remainder when 694 is divided by 41.
38
What is the remainder when 178 is divided by 37?
30
Calculate the remainder when 365 is divided by 90.
5
What is the remainder when 166 is divided by 42?
40
What is the remainder when 1739 is divided by 157?
12
Calculate the remainder when 85 is divided by 37.
11
Calculate the remainder when 292 is divided by 289.
3
What is t